**3 - 36*m**2 - 13*m + 221. Give u(36).
-247
Let b(i) = 893*i - 186640. Determine b(209).
-3
Let k(z) = z**3 + 4*z**2 - 2*z + 11. What is k(-6)?
-49
Let h(c) = 2*c**3 - 58*c**2 + 209*c - 236. Determine h(25).
-11
Let o(q) = -36*q - 61. Give o(-6).
155
Let k(l) = -4*l**2 - 50. Determine k(-10).
-450
Let o(g) = g**3 - 13*g**2 - 69*g + 103. Calculate o(16).
-233
Let x(a) = 38*a - 3. What is x(1)?
35
Let l(h) = 2*h**2 + 342*h - 17389. What is l(41)?
-5
Let v(l) = l**3 - l**2 + l - 114. Give v(0).
-114
Let q(s) = 11*s**2 - 11*s - 17. What is q(-2)?
49
Let f(m) = -m**3 + 6*m**2 + 19*m + 85. Give f(9).
13
Let j(q) = -127*q - 732. Calculate j(-6).
30
Let f(s) = -3*s**2 + 360*s - 709. What is f(118)?
-1
Let j(l) = l**3 + 19*l**2 + 25*l - 149. Give j(-17).
4
Let n(f) = 8*f**3 + 239*f**2 - 65*f - 1069. What is n(-30)?
-19
Let a(h) = 47*h**2 + 804*h + 84. Determine a(-17).
-1
Let w(x) = 23*x - 496. What is w(20)?
-36
Let o(j) = -14*j**2 + 441*j + 206. Calculate o(32).
-18
Let k(m) = 2*m**2 - 399*m + 15868. What is k(55)?
-27
Let p(y) = 3*y**2 - 219*y - 42. Determine p(73).
-42
Let n(z) = z**3 - 6*z**2 + 79*z - 1164. Determine n(10).
26
Let u(d) = d**2 + 46*d + 238. Give u(-41).
33
Let r(z) = 361*z - 285. Determine r(2).
437
Let c(p) = -5909*p + 88636. What is c(15)?
1
Let l(w) = -157*w + 1271. Determine l(8).
15
Let k(w) = -w**3 - 114*w**2 - 331*w + 226. What is k(-111)?
4
Let d(c) = -109*c + 6156. Give d(56).
52
Let k(d) = 42*d**3 + 2*d**2 - 7*d + 5. Give k(1).
42
Let l(p) = 325*p - 3558. Give l(11).
17
Let l(z) = z**2 + 36*z + 113. Calculate l(-32).
-15
Let t(j) = j**3 + 48*j**2 - 60*j - 548. Determine t(-49).
-9
Let p(d) = -117*d**2 - 17*d - 35. Determine p(-2).
-469
Let c(y) = -2*y**2 - 64*y + 1668. Calculate c(17).
2
Let s(n) = 7*n**2 + 339*n - 2099. What is s(6)?
187
Let k(g) = -g**3 - 3*g**2 + g. What is k(5)?
-195
Let j(h) = -100*h**2 + 890*h - 24. Give j(9).
-114
Let l(c) = c**3 + 14*c**2 + 2*c + 38. Give l(-13).
181
Let t(j) = j**2 + 59*j - 2500. What is t(-86)?
-178
Let d(f) = -2*f**3 - 3*f**2 + 14*f - 7. Determine d(-5).
98
Let p(v) = -2*v**3 - 22*v**2 + 64*v + 525. Give p(-11).
-179
Let t(n) = -n**2 - 48*n + 326. Determine t(-54).
2
Let u(g) = -3*g**2 - 13*g + 51. Determine u(-7).
-5
Let z(j) = 3*j**3 + 4*j**2 + 8*j + 32. Determine z(-5).
-283
Let h(p) = 17*p - 318. Calculate h(24).
90
Let n(t) = -24*t - 1295. What is n(-48)?
-143
Let l(f) = 4*f**2 + 2*f - 32. Calculate l(5).
78
Let h(l) = -13146*l - 105164. Determine h(-8).
4
Let r(d) = -d**3 + 23*d**2 + 102*d + 173. Determine r(27).
11
Let c(h) = 4*h**3 - 6*h**2 - 4*h + 13. What is c(-2)?
-35
Let h(i) = i**3 - 86*i**2 + 479*i + 55. What is h(80)?
-25
Let a(h) = -68*h + 1634. What is a(25)?
-66
Let y(x) = -54*x + 1343. Calculate y(24).
47
Let y(q) = -q**3 - 19*q**2 - 74*q + 143. Calculate y(-11).
-11
Let k(c) = -5*c**3 - 4*c**2 - 4*c - 5. What is k(-2)?
27
Let f(o) = 70*o + 510. Calculate f(-13).
-400
Let u(j) = -250*j + 1511. What is u(6)?
11
Let b(n) = n**2 + 14577*n - 29152. What is b(2)?
6
Let p(h) = 887*h - 16971. Calculate p(19).
-118
Let s(n) = -n**3 - 4*n**2 + 42*n + 30. What is s(-8)?
-50
Let x(k) = -k**3 - 3*k**2 + 2472*k + 7414. Give x(-3).
-2
Let s(i) = 15770*i - 94604. What is s(6)?
16
Let r(u) = 7*u + 441. What is r(-62)?
7
Let u(j) = -j**3 + 6*j**2 + 13*j + 20. What is u(8)?
-4
Let s(n) = -8*n**2 + 497*n + 436. Give s(63).
-5
Let h(f) = -2*f**3 + 89*f**2 + 37*f - 8. Determine h(45).
-368
Let g(z) = 3*z + 22. Calculate g(-19).
-35
Let j(a) = 1694*a - 1699. Determine j(1).
-5
Let s(l) = 4*l**2 + l - 2. Calculate s(0).
-2
Let p(c) = -39*c**2 - 121*c - 6. Calculate p(-3).
6
Let p(s) = -s**3 - 3*s**2 + 9*s + 12. Give p(5).
-143
Let r(y) = -78*y**2 + 157*y + 154. Give r(-1).
-81
Let f(z) = -46*z**2 - 4. Calculate f(2).
-188
Let q(g) = 118*g + 362. Give q(-4).
-110
Let a(k) = k**3 + 9*k**2 - 15*k - 24. Give a(-10).
26
Let v(o) = o**3 + 21*o**2 + 14*o - 166. Give v(-20).
-46
Let z(m) = -306*m**2 + 6736*m - 109. Determine z(22).
-21
Let x(f) = -740*f - 2. What is x(0)?
-2
Let w(l) = -2*l**2 - 61*l - 334. Give w(-20).
86
Let d(u) = -2*u**3 + 32*u - 4. Calculate d(-4).
-4
Let n(k) = 3*k**2 + 52*k - 170. What is n(-20)?
-10
Let w(a) = -3*a**2 + 170*a - 433. What is w(54)?
-1
Let l(z) = -94*z**2 + 211*z - 39. Determine l(2).
7
Let f(t) = -4*t**3 - 4*t**2 - 8*t - 9. Determine f(-4).
215
Let t(m) = m**3 - 10*m**2 + 76*m - 453. Determine t(9).
150
Let g(v) = v**2 + 17*v. Determine g(-15).
-30
Let y(x) = -2*x**3 - 5*x**2 + 16*x + 34. Give y(-9).
943
Let s(y) = -25*y**2 + 5*y + 3. Give s(2).
-87
Let i(d) = 2*d + 112. Give i(-13).
86
Let v(m) = -3*m**2 + 1499*m + 4508. What is v(-3)?
-16
Let j(r) = r**2 - 295*r + 13356. Give j(56).
-28
Let w(i) = i**3 - 16*i**2 - 294*i - 84. Give w(27).
-3
Let t(u) = 496*u - 2975. Calculate t(6).
1
Let m(g) = 27*g**2 + 180*g + 111. Give m(-6).
3
Let l(o) = -o**3 + 17*o**2 + 315*o - 5190. Give l(15).
-15
Let u(o) = 14954*o + 358897. Determine u(-24).
1
Let u(w) = -w**2 + 29*w + 36. Determine u(31).
-26
Let m(b) = -19*b + 130. What is m(6)?
16
Let m(f) = -2*f**2 + 180*f + 582. Calculate m(93).
24
Let s(p) = -2*p**3 + 59*p**2 - 75*p - 209. Determine s(28).
43
Let j(d) = d**2 + 55*d - 779. Give j(11).
-53
Let c(s) = s**2 - 13*s + 129. What is c(8)?
89
Let h(n) = -n**3 - 3*n**2 - 2*n - 10. Give h(-4).
14
Let v(b) = -40*b**2 - 243*b + 256. Give v(-7).
-3
Let m(x) = 5*x**2 - 8*x - 31. Give m(7).
158
Let g(s) = 255*s - 1786. What is g(7)?
-1
Let g(x) = x**3 - 29*x**2 + 141*x - 134. What is g(23)?
-65
Let x(h) = -4*h**2 + 114*h + 294. Give x(31).
-16
Let s(x) = -8*x**2 - 268*x + 282. Determine s(1).
6
Let v(n) = 237*n - 8. Calculate v(0).
-8
Let f(u) = 18*u**2 - 1622*u + 1778. What is f(89)?
-2
Let l(g) = -2*g**3 + 57*g**2 + 542*g - 65. Calculate l(36).
7
Let m(k) = -15*k**2 + 496*k - 37. What is m(33)?
-4
Let s(t) = -7*t + 8. What is s(17)?
-111
Let p(d) = -2*d - 38. Give p(24).
-86
Let r(t) = -290*t + 4643. Give r(16).
3
Let l(w) = -14*w**2 - 204*w + 202. Give l(1).
-16
Let j(h) = h**3 + 17*h**2 + 71*h - 11. Calculate j(-9).
-2
Let u(p) = -39*p - 1507. Give u(-38).
-25
Let z(r) = -152*r + 462. What is z(3)?
6
Let x(j) = 4*j**2 - 63*j - 27. What is x(-9)?
864
Let z(r) = -12*r - 418. Give z(-34).
-10
Let o(j) = 2*j**2 - 42*j - 137. Give o(24).
7
Let k(j) = -8*j**2 + 15*j + 3. Calculate k(3).
-24
Let b(v) = -v**3 + 27*v**2 + 67*v - 289. Give b(29).
-28
Let l(f) = 3*f**2 - 63*f + 35. What is l(17)?
-169
Let j(t) = -t**2 + 18*t - 38. Calculate j(8).
42
Let l(g) = -970*g - 2916. What is l(-3)?
-6
Let j(n) = -4*n**3 + 27*n**2 - 12*n + 44. Determine j(6).
80
Let w(z) = -z**3 - 2*z + 62. Give w(6).
-166
Let d(o) = o**2 + 107*o - 690. Give d(-113).
-12
Let b(c) = 5*c + 191. Calculate b(-38).
1
Let o(h) = h**2 - 29*h + 100. What is o(0)?
100
Let g(o) = -324*o**2 + 7*o - 5. Determine g(1).
-322
Let g(l) = l**3 - 23*l**2 - 52*l + 49. Determine g(25).
-1
Let a(j) = -2*j**3 - 14*j**2 + 15*j - 5. Determine a(-8).
3
Let r(k) = -6*k**2 + 93*k + 61. Calculate r(18).
-209
Let u(o) = o**2 + 15*o + 56. Calculate u(-13).
30
Let p(v) = 21*v**3 - 7*v**2 - 10*v - 4. What is p(-2)?
-180
Let h(a) = a**2 + 420*a + 2866. What is h(-7)?
-25
Let f(l) = -l**2 - 2*l + 381. Determine f(24).
-243
Let s(j) = -2*j**2 + 150*j. Give s(75).
0
Let f(d) = 20*d**2 - 630*d + 2535. Determine f(4).
335
Let h(j) = -9*j**2 - 50*j - 48. Give h(-1).
-7
Let f(k) = 3*k**3 - 13*k**2 + 19*k - 27. What is f(3)?
-6
Let s(k) = -7*k**2 + 14*k + 7. Determine s(-7).
-434
Let h(w) = 65*w**3 + 7*w - 5. What is h(1)?
67
Let u(i) = 69*i**2 - 145*i + 7. Give u(2).
-7
Let n(k) = -21*k + 13. What is n(9)?
-176
Let s(z) = -z**2 - 6*z + 159. Determine s(-16).
-1
Let g(m) = -35*m - 249. Give g(-7).
-4
Let s(m) = -33*m**2 - 120*m - 2. Calculate s(-4).
-50
Let p(i) = 49*i + 1312. Give p(-26).
38
Let n(p) = p**3 + 10*p**2 - 265*p + 6. Give n(12).
-6
Let f(c) = c + 19. Give f(-12).
7
Let b(q) = -q**2 - 240*q - 2094. Determine b(-9).
-15
Let q(j) = -2*j**2 + 74*j - 571. Determine q(26).
1
Let o(d) = -132*d - 322. Give o(-3).
74
Let o(r) = -14*r + 173. Give o(36).
-331
Let s(t) = -606*t + 25451. What is s(42)?
-1
Let i(c) = -c**3 - 3*c**2 + 76*c + 316. Calculate i(-5).
-14
Let w(x) = -10*x**2 + 786*x + 304. Determine w(79).
-12
Let q(x) = 